{"id":2774,"date":"2021-06-14T13:14:55","date_gmt":"2021-06-14T11:14:55","guid":{"rendered":"https:\/\/clublamardemalaga.com\/tienda\/producto\/jobe-yukon-5-3mm-traje-de-neopreno-hombre\/"},"modified":"2021-09-30T13:50:24","modified_gmt":"2021-09-30T11:50:24","slug":"jobe-yukon-5-3mm-traje-de-neopreno-hombre","status":"publish","type":"product","link":"https:\/\/clublamardemalaga.com\/tienda\/producto\/jobe-yukon-5-3mm-traje-de-neopreno-hombre\/","title":{"rendered":"Jobe Yukon 5\/3mm Traje De Neopreno Hombre"},"content":{"rendered":"<p>El Jobe Yukon es el traje de neopreno m\u00e1s grueso de la gama Jobe y es para el tipo que quieredisfrutar del agua cuando todos est\u00e1n frente a una chimenea. Este traje est\u00e1 hecho para el rider m\u00e1s ca\u00f1ero y viene con un forro t\u00e9rmico \u00abaquakiller\u00bb. Esto distingue al Yukon en el mercado de los deportes acu\u00e1ticos, ya que no encontrar\u00e1 un traje de neopreno como este por ese precio. \u00a1El aspecto de neopreno cubierto y la cremallera frontal te mantendr\u00e1 abrigado y listo para enfrentarte a las condiciones clim\u00e1ticas m\u00e1s adversas!<\/p>\n<ul>\n<li>Forro interior t\u00e9rmico de drenaje: abrigado y seco (traje de neopreno completo)<\/li>\n<li>Costuras pegadas e invisibles: sin entrada de agua a trav\u00e9s de las costuras<\/li>\n<li>Costuras interiores con cinta de neopreno para mayor calidez, resistencia y protecci\u00f3n.<\/li>\n<li>Disponible en tallas altas<\/li>\n<li>Cremallera en el pecho para m\u00e1xima flexibilidad y m\u00ednima entrada de agua<\/li>\n<li>Neopreno de 5 mm en pecho y espalda, 3 mm en otros paneles<\/li>\n<li>Correas de tobillo ajustables y desmontables<\/li>\n<li>Pu\u00f1os con bloqueo de agua para la mu\u00f1eca<\/li>\n<li>Bolsillo para llaves con cord\u00f3n el\u00e1stico<\/li>\n<li>Sistema de drenaje de agua<\/li>\n<li>kneeboards protectoras fuertes<\/li>\n<li>Neopreno el\u00e1stico Supreme<\/li>\n<li>C\u00f3moda tecnolog\u00eda de costura m\u00ednima<\/li>\n<\/ul>\n","protected":false},"excerpt":{"rendered":"<p>El Jobe Yukon es el traje de neopreno m\u00e1s grueso de la gama Jobe y es para el tipo que quieredisfrutar del agua cuando todos est\u00e1n frente a una chimenea. Este traje est\u00e1 hecho para el rider m\u00e1s ca\u00f1ero y viene con un forro t\u00e9rmico \u00abaquakiller\u00bb. Esto distingue al Yukon en el mercado de los [&hellip;]<\/p>\n","protected":false},"featured_media":2775,"comment_status":"closed","ping_status":"open","template":"","meta":{"site-sidebar-layout":"default","site-content-layout":"","ast-site-content-layout":"","site-content-style":"default","site-sidebar-style":"default","ast-global-header-display":"","ast-banner-title-visibility":"","ast-main-header-display":"","ast-hfb-above-header-display":"","ast-hfb-below-header-display":"","ast-hfb-mobile-header-display":"","site-post-title":"","ast-breadcrumbs-content":"","ast-featured-img":"","footer-sml-layout":"","theme-transparent-header-meta":"","adv-header-id-meta":"","stick-header-meta":"","header-above-stick-meta":"","header-main-stick-meta":"","header-below-stick-meta":"","astra-migrate-meta-layouts":"default","ast-page-background-enabled":"default","ast-page-background-meta":{"desktop":{"background-color":"","background-image":"","background-repeat":"repeat","background-position":"center center","background-size":"auto","background-attachment":"scroll","background-type":"","background-media":"","overlay-type":"","overlay-color":"","overlay-gradient":""},"tablet":{"background-color":"","background-image":"","background-repeat":"repeat","background-position":"center center","background-size":"auto","background-attachment":"scroll","background-type":"","background-media":"","overlay-type":"","overlay-color":"","overlay-gradient":""},"mobile":{"background-color":"","background-image":"","background-repeat":"repeat","background-position":"center center","background-size":"auto","background-attachment":"scroll","background-type":"","background-media":"","overlay-type":"","overlay-color":"","overlay-gradient":""}},"ast-content-background-meta":{"desktop":{"background-color":"var(--ast-global-color-5)","background-image":"","background-repeat":"repeat","background-position":"center center","background-size":"auto","background-attachment":"scroll","background-type":"","background-media":"","overlay-type":"","overlay-color":"","overlay-gradient":""},"tablet":{"background-color":"var(--ast-global-color-5)","background-image":"","background-repeat":"repeat","background-position":"center center","background-size":"auto","background-attachment":"scroll","background-type":"","background-media":"","overlay-type":"","overlay-color":"","overlay-gradient":""},"mobile":{"background-color":"var(--ast-global-color-5)","background-image":"","background-repeat":"repeat","background-position":"center center","background-size":"auto","background-attachment":"scroll","background-type":"","background-media":"","overlay-type":"","overlay-color":"","overlay-gradient":""}}},"product_cat":[107],"product_tag":[],"yoast_head":"<!-- This site is optimized with the Yoast SEO plugin v21.8 - https:\/\/yoast.com\/wordpress\/plugins\/seo\/ -->\n<title>Jobe Yukon 5\/3mm Traje De Neopreno Hombre<\/title>\n<meta name=\"robots\" content=\"index, follow, max-snippet:-1, max-image-preview:large, max-video-preview:-1\" \/>\n<link rel=\"canonical\" href=\"https:\/\/clublamardemalaga.com\/tienda\/producto\/jobe-yukon-5-3mm-traje-de-neopreno-hombre\/\" \/>\n<meta property=\"og:locale\" content=\"es_ES\" \/>\n<meta property=\"og:type\" content=\"article\" \/>\n<meta property=\"og:title\" content=\"Jobe Yukon 5\/3mm Traje De Neopreno Hombre\" \/>\n<meta property=\"og:description\" content=\"El Jobe Yukon es el traje de neopreno m\u00e1s grueso de la gama Jobe y es para el tipo que quieredisfrutar del agua cuando todos est\u00e1n frente a una chimenea. Este traje est\u00e1 hecho para el rider m\u00e1s ca\u00f1ero y viene con un forro t\u00e9rmico \u00abaquakiller\u00bb. Esto distingue al Yukon en el mercado de los [&hellip;]\" \/>\n<meta property=\"og:url\" content=\"https:\/\/clublamardemalaga.com\/tienda\/producto\/jobe-yukon-5-3mm-traje-de-neopreno-hombre\/\" \/>\n<meta property=\"og:site_name\" content=\"Tienda de Sup &amp; Surf La Mar de M&aacute;laga\" \/>\n<meta property=\"article:modified_time\" content=\"2021-09-30T11:50:24+00:00\" \/>\n<meta property=\"og:image\" content=\"https:\/\/clublamardemalaga.com\/tienda\/wp-content\/uploads\/303519100-zoom.jpg\" \/>\n\t<meta property=\"og:image:width\" content=\"800\" \/>\n\t<meta property=\"og:image:height\" content=\"1200\" \/>\n\t<meta property=\"og:image:type\" content=\"image\/jpeg\" \/>\n<meta name=\"twitter:card\" content=\"summary_large_image\" \/>\n<meta name=\"twitter:label1\" content=\"Tiempo de lectura\" \/>\n\t<meta name=\"twitter:data1\" content=\"1 minuto\" \/>\n<script type=\"application\/ld+json\" class=\"yoast-schema-graph\">{\"@context\":\"https:\/\/schema.org\",\"@graph\":[{\"@type\":\"WebPage\",\"@id\":\"https:\/\/clublamardemalaga.com\/tienda\/producto\/jobe-yukon-5-3mm-traje-de-neopreno-hombre\/\",\"url\":\"https:\/\/clublamardemalaga.com\/tienda\/producto\/jobe-yukon-5-3mm-traje-de-neopreno-hombre\/\",\"name\":\"Jobe Yukon 5\/3mm Traje De Neopreno Hombre\",\"isPartOf\":{\"@id\":\"https:\/\/clublamardemalaga.com\/tienda\/#website\"},\"datePublished\":\"2021-06-14T11:14:55+00:00\",\"dateModified\":\"2021-09-30T11:50:24+00:00\",\"breadcrumb\":{\"@id\":\"https:\/\/clublamardemalaga.com\/tienda\/producto\/jobe-yukon-5-3mm-traje-de-neopreno-hombre\/#breadcrumb\"},\"inLanguage\":\"es\",\"potentialAction\":[{\"@type\":\"ReadAction\",\"target\":[\"https:\/\/clublamardemalaga.com\/tienda\/producto\/jobe-yukon-5-3mm-traje-de-neopreno-hombre\/\"]}]},{\"@type\":\"BreadcrumbList\",\"@id\":\"https:\/\/clublamardemalaga.com\/tienda\/producto\/jobe-yukon-5-3mm-traje-de-neopreno-hombre\/#breadcrumb\",\"itemListElement\":[{\"@type\":\"ListItem\",\"position\":1,\"name\":\"Portada\",\"item\":\"https:\/\/clublamardemalaga.com\/tienda\/\"},{\"@type\":\"ListItem\",\"position\":2,\"name\":\"Sup &#038; Surf\",\"item\":\"https:\/\/clublamardemalaga.com\/tienda\/sup-y-surf\/\"},{\"@type\":\"ListItem\",\"position\":3,\"name\":\"Jobe Yukon 5\/3mm Traje De Neopreno Hombre\"}]},{\"@type\":\"WebSite\",\"@id\":\"https:\/\/clublamardemalaga.com\/tienda\/#website\",\"url\":\"https:\/\/clublamardemalaga.com\/tienda\/\",\"name\":\"Tienda de Sup &amp; Surf La Mar de M&aacute;laga\",\"description\":\"\",\"publisher\":{\"@id\":\"https:\/\/clublamardemalaga.com\/tienda\/#organization\"},\"potentialAction\":[{\"@type\":\"SearchAction\",\"target\":{\"@type\":\"EntryPoint\",\"urlTemplate\":\"https:\/\/clublamardemalaga.com\/tienda\/?s={search_term_string}\"},\"query-input\":\"required name=search_term_string\"}],\"inLanguage\":\"es\"},{\"@type\":\"Organization\",\"@id\":\"https:\/\/clublamardemalaga.com\/tienda\/#organization\",\"name\":\"Tienda Sup & Surf La Mar de M\u00e1laga\",\"url\":\"https:\/\/clublamardemalaga.com\/tienda\/\",\"logo\":{\"@type\":\"ImageObject\",\"inLanguage\":\"es\",\"@id\":\"https:\/\/clublamardemalaga.com\/tienda\/#\/schema\/logo\/image\/\",\"url\":\"https:\/\/clublamardemalaga.com\/tienda\/wp-content\/uploads\/logo-tienda-club-la-mar-de-malaga.png\",\"contentUrl\":\"https:\/\/clublamardemalaga.com\/tienda\/wp-content\/uploads\/logo-tienda-club-la-mar-de-malaga.png\",\"width\":250,\"height\":60,\"caption\":\"Tienda Sup & Surf La Mar de M\u00e1laga\"},\"image\":{\"@id\":\"https:\/\/clublamardemalaga.com\/tienda\/#\/schema\/logo\/image\/\"}}]}<\/script>\n<!-- \/ Yoast SEO plugin. -->","yoast_head_json":{"title":"Jobe Yukon 5\/3mm Traje De Neopreno Hombre","robots":{"index":"index","follow":"follow","max-snippet":"max-snippet:-1","max-image-preview":"max-image-preview:large","max-video-preview":"max-video-preview:-1"},"canonical":"https:\/\/clublamardemalaga.com\/tienda\/producto\/jobe-yukon-5-3mm-traje-de-neopreno-hombre\/","og_locale":"es_ES","og_type":"article","og_title":"Jobe Yukon 5\/3mm Traje De Neopreno Hombre","og_description":"El Jobe Yukon es el traje de neopreno m\u00e1s grueso de la gama Jobe y es para el tipo que quieredisfrutar del agua cuando todos est\u00e1n frente a una chimenea. Este traje est\u00e1 hecho para el rider m\u00e1s ca\u00f1ero y viene con un forro t\u00e9rmico \u00abaquakiller\u00bb. Esto distingue al Yukon en el mercado de los [&hellip;]","og_url":"https:\/\/clublamardemalaga.com\/tienda\/producto\/jobe-yukon-5-3mm-traje-de-neopreno-hombre\/","og_site_name":"Tienda de Sup &amp; Surf La Mar de M&aacute;laga","article_modified_time":"2021-09-30T11:50:24+00:00","og_image":[{"width":800,"height":1200,"url":"https:\/\/clublamardemalaga.com\/tienda\/wp-content\/uploads\/303519100-zoom.jpg","type":"image\/jpeg"}],"twitter_card":"summary_large_image","twitter_misc":{"Tiempo de lectura":"1 minuto"},"schema":{"@context":"https:\/\/schema.org","@graph":[{"@type":"WebPage","@id":"https:\/\/clublamardemalaga.com\/tienda\/producto\/jobe-yukon-5-3mm-traje-de-neopreno-hombre\/","url":"https:\/\/clublamardemalaga.com\/tienda\/producto\/jobe-yukon-5-3mm-traje-de-neopreno-hombre\/","name":"Jobe Yukon 5\/3mm Traje De Neopreno Hombre","isPartOf":{"@id":"https:\/\/clublamardemalaga.com\/tienda\/#website"},"datePublished":"2021-06-14T11:14:55+00:00","dateModified":"2021-09-30T11:50:24+00:00","breadcrumb":{"@id":"https:\/\/clublamardemalaga.com\/tienda\/producto\/jobe-yukon-5-3mm-traje-de-neopreno-hombre\/#breadcrumb"},"inLanguage":"es","potentialAction":[{"@type":"ReadAction","target":["https:\/\/clublamardemalaga.com\/tienda\/producto\/jobe-yukon-5-3mm-traje-de-neopreno-hombre\/"]}]},{"@type":"BreadcrumbList","@id":"https:\/\/clublamardemalaga.com\/tienda\/producto\/jobe-yukon-5-3mm-traje-de-neopreno-hombre\/#breadcrumb","itemListElement":[{"@type":"ListItem","position":1,"name":"Portada","item":"https:\/\/clublamardemalaga.com\/tienda\/"},{"@type":"ListItem","position":2,"name":"Sup &#038; Surf","item":"https:\/\/clublamardemalaga.com\/tienda\/sup-y-surf\/"},{"@type":"ListItem","position":3,"name":"Jobe Yukon 5\/3mm Traje De Neopreno Hombre"}]},{"@type":"WebSite","@id":"https:\/\/clublamardemalaga.com\/tienda\/#website","url":"https:\/\/clublamardemalaga.com\/tienda\/","name":"Tienda de Sup &amp; Surf La Mar de M&aacute;laga","description":"","publisher":{"@id":"https:\/\/clublamardemalaga.com\/tienda\/#organization"},"potentialAction":[{"@type":"SearchAction","target":{"@type":"EntryPoint","urlTemplate":"https:\/\/clublamardemalaga.com\/tienda\/?s={search_term_string}"},"query-input":"required name=search_term_string"}],"inLanguage":"es"},{"@type":"Organization","@id":"https:\/\/clublamardemalaga.com\/tienda\/#organization","name":"Tienda Sup & Surf La Mar de M\u00e1laga","url":"https:\/\/clublamardemalaga.com\/tienda\/","logo":{"@type":"ImageObject","inLanguage":"es","@id":"https:\/\/clublamardemalaga.com\/tienda\/#\/schema\/logo\/image\/","url":"https:\/\/clublamardemalaga.com\/tienda\/wp-content\/uploads\/logo-tienda-club-la-mar-de-malaga.png","contentUrl":"https:\/\/clublamardemalaga.com\/tienda\/wp-content\/uploads\/logo-tienda-club-la-mar-de-malaga.png","width":250,"height":60,"caption":"Tienda Sup & Surf La Mar de M\u00e1laga"},"image":{"@id":"https:\/\/clublamardemalaga.com\/tienda\/#\/schema\/logo\/image\/"}}]}},"_links":{"self":[{"href":"https:\/\/clublamardemalaga.com\/tienda\/wp-json\/wp\/v2\/product\/2774"}],"collection":[{"href":"https:\/\/clublamardemalaga.com\/tienda\/wp-json\/wp\/v2\/product"}],"about":[{"href":"https:\/\/clublamardemalaga.com\/tienda\/wp-json\/wp\/v2\/types\/product"}],"replies":[{"embeddable":true,"href":"https:\/\/clublamardemalaga.com\/tienda\/wp-json\/wp\/v2\/comments?post=2774"}],"wp:featuredmedia":[{"embeddable":true,"href":"https:\/\/clublamardemalaga.com\/tienda\/wp-json\/wp\/v2\/media\/2775"}],"wp:attachment":[{"href":"https:\/\/clublamardemalaga.com\/tienda\/wp-json\/wp\/v2\/media?parent=2774"}],"wp:term":[{"taxonomy":"product_cat","embeddable":true,"href":"https:\/\/clublamardemalaga.com\/tienda\/wp-json\/wp\/v2\/product_cat?post=2774"},{"taxonomy":"product_tag","embeddable":true,"href":"https:\/\/clublamardemalaga.com\/tienda\/wp-json\/wp\/v2\/product_tag?post=2774"}],"curies":[{"name":"wp","href":"https:\/\/api.w.org\/{rel}","templated":true}]}}