{"id":2136,"date":"2021-05-31T11:36:24","date_gmt":"2021-05-31T09:36:24","guid":{"rendered":"https:\/\/clublamardemalaga.com\/tienda\/producto\/jobe-vizela-9-4-tabla-paddle-surf-2\/"},"modified":"2021-07-26T14:18:37","modified_gmt":"2021-07-26T12:18:37","slug":"jobe-vizela-9-4-tabla-paddle-surf","status":"publish","type":"product","link":"https:\/\/clublamardemalaga.com\/tienda\/producto\/jobe-vizela-9-4-tabla-paddle-surf\/","title":{"rendered":"Jobe Vizela 9.4 Tabla Paddle Surf"},"content":{"rendered":"<h2>Jobe Vizela. Una tabla de SUP vers\u00e1til y estable<\/h2>\n<p>La tabla de paddle surf Jobe Vizela 9.4 tiene 32 pulgadas de ancho (81 cent\u00edmetros), lo que le da una gran superficie para que esta <strong>belleza de bamb\u00fa sea verdaderamente vers\u00e1til y estable<\/strong> para surfistas de hasta 100 kg.<\/p>\n<h3>Calidad en esta belleza de tabla<\/h3>\n<p>Adem\u00e1s de su aspecto limpio, brillante y blanco, con riel gris y detalles verde electro en la aleta, fabricamos la Jobe Vizela con una alta especificaci\u00f3n que <strong>rebosa calidad<\/strong> por los cuatro costados. Esta tabla de SUP tiene un espesor de 5 pulgadas (12,7 cm), con el que se garantiza la <strong>flotabilidad<\/strong>.<\/p>\n<p>Las aletas laterales se pueden reemplazar con una caja de aletas de EE. UU. para una posici\u00f3n \u00f3ptima de la aleta propulsora adecuada para olas. La forma especializada presenta un perfil de nariz completo con un estrechamiento constante a medida que te acercas a la cola. Un pasador redondeado, una aleta central tipo caja de 6 en forma de panal de EE. UU. y mordiscos laterales FCS de 4,52&#8242;, adem\u00e1s de una almohadilla de cubierta gruesa, completan un producto de calidad superior.<\/p>\n<h3>Coge olas con la Vizela 9.4<\/h3>\n<p>Remar en la Vizela es de lo m\u00e1s <strong>estable<\/strong>, y dar un paso m\u00e1s hacia atr\u00e1s levanta la nariz y ayuda a mitigar los empujones. Debido a sus aletas de propulsi\u00f3n, el seguimiento es eficiente. <strong>\u00a1Coger olas es f\u00e1cil con la Vizela!<\/strong><\/p>\n<p>Una vez en la cola, aparece una nueva <strong>bestia maniobrable<\/strong> y se pueden lograr giros en arco con solo movimientos sutiles del cuerpo. Los novatos que hagan surf por primera vez encontrar\u00e1n en la Vizela de Jobe a un buen tutor para aprender con esta tabla de paddle surf.<\/p>\n<p>Adem\u00e1s, viene con una sola aleta para viajes largos. Y una cuerda el\u00e1stica para llevar contigo lo que necesitas para tu aventura. Tambi\u00e9n obtienes una correa de Paddle Board y un protector de riel para mantener tu tabla limpia.<\/p>\n<ul>\n<li>Patr\u00f3n de espuma EVA antideslizante, permite un c\u00f3modo SUP a largo plazo<\/li>\n<li>Enchufe de correa de f\u00e1cil conexi\u00f3n<\/li>\n<li>C\u00f3modo mango de transporte<\/li>\n<li>Tap\u00f3n de purga de aire autom\u00e1tico<\/li>\n<li>Correa recta de 9 pies<\/li>\n<li>Caja de aletas US para una posici\u00f3n \u00f3ptima de las aletas<\/li>\n<li>Enchufe de la c\u00e1mara para capturar todos sus #Jobemoments<\/li>\n<li>Aleta propulsora para olas (6&#8243; centro + aleta lateral de 4,5&#8243;)<\/li>\n<li>Canales para un mejor control de velocidad y estabilidad<\/li>\n<li>Riel compuesto inferior resistente a los ara\u00f1azos<\/li>\n<li>Protector de riel para protecci\u00f3n adicional<\/li>\n<li>Nose rocker: 6 3\/4&#8243;, Tail rocker: 3 13\/16&#8243;<\/li>\n<li>Peso recomendado por el piloto: Hasta 100kg | 220 lbs<\/li>\n<li>Peso de la tabla: 11 kg | 24 lbs<\/li>\n<li>Dimensiones: 9&#8217;4&#8243; x 32&#8243; x 4,5&#8243; | 285 x 81,3 x 11,4cm<\/li>\n<li>Volumen: 150 l<\/li>\n<\/ul>\n<p><a href=\"https:\/\/wavesup.es\/wp-content\/uploads\/2021\/04\/bamboo_railsaver.pdf\" target=\"_blank\" rel=\"noopener\">Descargar manual de producto<\/a><\/p>\n","protected":false},"excerpt":{"rendered":"<p>La Jobe Vizela 9.4 es un preciosidad de tabla de paddle surf estable y vers\u00e1til que rebosa calidad. Tu compa\u00f1era ideal tanto para disfrutar de traves\u00edas como para coger algunas olas.<\/p>\n","protected":false},"featured_media":2137,"comment_status":"closed","ping_status":"closed","template":"","meta":{"site-sidebar-layout":"default","site-content-layout":"default","ast-site-content-layout":"","site-content-style":"default","site-sidebar-style":"default","ast-global-header-display":"","ast-banner-title-visibility":"","ast-main-header-display":"","ast-hfb-above-header-display":"","ast-hfb-below-header-display":"","ast-hfb-mobile-header-display":"","site-post-title":"","ast-breadcrumbs-content":"","ast-featured-img":"","footer-sml-layout":"","theme-transparent-header-meta":"default","adv-header-id-meta":"","stick-header-meta":"","header-above-stick-meta":"","header-main-stick-meta":"","header-below-stick-meta":"","astra-migrate-meta-layouts":"default","ast-page-background-enabled":"default","ast-page-background-meta":{"desktop":{"background-color":"","background-image":"","background-repeat":"repeat","background-position":"center center","background-size":"auto","background-attachment":"scroll","background-type":"","background-media":"","overlay-type":"","overlay-color":"","overlay-gradient":""},"tablet":{"background-color":"","background-image":"","background-repeat":"repeat","background-position":"center center","background-size":"auto","background-attachment":"scroll","background-type":"","background-media":"","overlay-type":"","overlay-color":"","overlay-gradient":""},"mobile":{"background-color":"","background-image":"","background-repeat":"repeat","background-position":"center center","background-size":"auto","background-attachment":"scroll","background-type":"","background-media":"","overlay-type":"","overlay-color":"","overlay-gradient":""}},"ast-content-background-meta":{"desktop":{"background-color":"var(--ast-global-color-5)","background-image":"","background-repeat":"repeat","background-position":"center center","background-size":"auto","background-attachment":"scroll","background-type":"","background-media":"","overlay-type":"","overlay-color":"","overlay-gradient":""},"tablet":{"background-color":"var(--ast-global-color-5)","background-image":"","background-repeat":"repeat","background-position":"center center","background-size":"auto","background-attachment":"scroll","background-type":"","background-media":"","overlay-type":"","overlay-color":"","overlay-gradient":""},"mobile":{"background-color":"var(--ast-global-color-5)","background-image":"","background-repeat":"repeat","background-position":"center center","background-size":"auto","background-attachment":"scroll","background-type":"","background-media":"","overlay-type":"","overlay-color":"","overlay-gradient":""}}},"product_cat":[17],"product_tag":[],"yoast_head":"<!-- This site is optimized with the Yoast SEO plugin v21.8 - https:\/\/yoast.com\/wordpress\/plugins\/seo\/ -->\n<title>Jobe Vizela 9.4 Tabla Paddle Surf Bamb\u00fa. \u00a1Una belleza!<\/title>\n<meta name=\"description\" content=\"La Jobe Vizela 9.4 es una preciosa tabla de paddle surf rebosa calidad. Una tabla de SUP vers\u00e1til para hacer traves\u00edas y coger olas\" \/>\n<meta name=\"robots\" content=\"index, follow, max-snippet:-1, max-image-preview:large, max-video-preview:-1\" \/>\n<link rel=\"canonical\" href=\"https:\/\/clublamardemalaga.com\/tienda\/producto\/jobe-vizela-9-4-tabla-paddle-surf\/\" \/>\n<meta property=\"og:locale\" content=\"es_ES\" \/>\n<meta property=\"og:type\" content=\"article\" \/>\n<meta property=\"og:title\" content=\"Jobe Vizela 9.4 Tabla Paddle Surf Bamb\u00fa. \u00a1Una belleza!\" \/>\n<meta property=\"og:description\" content=\"La Jobe Vizela 9.4 es una preciosa tabla de paddle surf rebosa calidad. Una tabla de SUP vers\u00e1til para hacer traves\u00edas y coger olas\" \/>\n<meta property=\"og:url\" content=\"https:\/\/clublamardemalaga.com\/tienda\/producto\/jobe-vizela-9-4-tabla-paddle-surf\/\" \/>\n<meta property=\"og:site_name\" content=\"Tienda de Sup &amp; Surf La Mar de M&aacute;laga\" \/>\n<meta property=\"article:modified_time\" content=\"2021-07-26T12:18:37+00:00\" \/>\n<meta property=\"og:image\" content=\"https:\/\/clublamardemalaga.com\/tienda\/wp-content\/uploads\/486521001-zoom-1.jpg\" \/>\n\t<meta property=\"og:image:width\" content=\"960\" \/>\n\t<meta property=\"og:image:height\" content=\"1188\" \/>\n\t<meta property=\"og:image:type\" content=\"image\/jpeg\" \/>\n<meta name=\"twitter:card\" content=\"summary_large_image\" \/>\n<meta name=\"twitter:label1\" content=\"Tiempo de lectura\" \/>\n\t<meta name=\"twitter:data1\" content=\"2 minutos\" \/>\n<script type=\"application\/ld+json\" class=\"yoast-schema-graph\">{\"@context\":\"https:\/\/schema.org\",\"@graph\":[{\"@type\":\"WebPage\",\"@id\":\"https:\/\/clublamardemalaga.com\/tienda\/producto\/jobe-vizela-9-4-tabla-paddle-surf\/\",\"url\":\"https:\/\/clublamardemalaga.com\/tienda\/producto\/jobe-vizela-9-4-tabla-paddle-surf\/\",\"name\":\"Jobe Vizela 9.4 Tabla Paddle Surf Bamb\u00fa. \u00a1Una belleza!\",\"isPartOf\":{\"@id\":\"https:\/\/clublamardemalaga.com\/tienda\/#website\"},\"datePublished\":\"2021-05-31T09:36:24+00:00\",\"dateModified\":\"2021-07-26T12:18:37+00:00\",\"description\":\"La Jobe Vizela 9.4 es una preciosa tabla de paddle surf rebosa calidad. Una tabla de SUP vers\u00e1til para hacer traves\u00edas y coger olas\",\"breadcrumb\":{\"@id\":\"https:\/\/clublamardemalaga.com\/tienda\/producto\/jobe-vizela-9-4-tabla-paddle-surf\/#breadcrumb\"},\"inLanguage\":\"es\",\"potentialAction\":[{\"@type\":\"ReadAction\",\"target\":[\"https:\/\/clublamardemalaga.com\/tienda\/producto\/jobe-vizela-9-4-tabla-paddle-surf\/\"]}]},{\"@type\":\"BreadcrumbList\",\"@id\":\"https:\/\/clublamardemalaga.com\/tienda\/producto\/jobe-vizela-9-4-tabla-paddle-surf\/#breadcrumb\",\"itemListElement\":[{\"@type\":\"ListItem\",\"position\":1,\"name\":\"Portada\",\"item\":\"https:\/\/clublamardemalaga.com\/tienda\/\"},{\"@type\":\"ListItem\",\"position\":2,\"name\":\"Sup &#038; Surf\",\"item\":\"https:\/\/clublamardemalaga.com\/tienda\/sup-y-surf\/\"},{\"@type\":\"ListItem\",\"position\":3,\"name\":\"Jobe Vizela 9.4 Tabla Paddle Surf\"}]},{\"@type\":\"WebSite\",\"@id\":\"https:\/\/clublamardemalaga.com\/tienda\/#website\",\"url\":\"https:\/\/clublamardemalaga.com\/tienda\/\",\"name\":\"Tienda de Sup &amp; Surf La Mar de M&aacute;laga\",\"description\":\"\",\"publisher\":{\"@id\":\"https:\/\/clublamardemalaga.com\/tienda\/#organization\"},\"potentialAction\":[{\"@type\":\"SearchAction\",\"target\":{\"@type\":\"EntryPoint\",\"urlTemplate\":\"https:\/\/clublamardemalaga.com\/tienda\/?s={search_term_string}\"},\"query-input\":\"required name=search_term_string\"}],\"inLanguage\":\"es\"},{\"@type\":\"Organization\",\"@id\":\"https:\/\/clublamardemalaga.com\/tienda\/#organization\",\"name\":\"Tienda Sup & Surf La Mar de M\u00e1laga\",\"url\":\"https:\/\/clublamardemalaga.com\/tienda\/\",\"logo\":{\"@type\":\"ImageObject\",\"inLanguage\":\"es\",\"@id\":\"https:\/\/clublamardemalaga.com\/tienda\/#\/schema\/logo\/image\/\",\"url\":\"https:\/\/clublamardemalaga.com\/tienda\/wp-content\/uploads\/logo-tienda-club-la-mar-de-malaga.png\",\"contentUrl\":\"https:\/\/clublamardemalaga.com\/tienda\/wp-content\/uploads\/logo-tienda-club-la-mar-de-malaga.png\",\"width\":250,\"height\":60,\"caption\":\"Tienda Sup & Surf La Mar de M\u00e1laga\"},\"image\":{\"@id\":\"https:\/\/clublamardemalaga.com\/tienda\/#\/schema\/logo\/image\/\"}}]}<\/script>\n<!-- \/ Yoast SEO plugin. -->","yoast_head_json":{"title":"Jobe Vizela 9.4 Tabla Paddle Surf Bamb\u00fa. \u00a1Una belleza!","description":"La Jobe Vizela 9.4 es una preciosa tabla de paddle surf rebosa calidad. Una tabla de SUP vers\u00e1til para hacer traves\u00edas y coger olas","robots":{"index":"index","follow":"follow","max-snippet":"max-snippet:-1","max-image-preview":"max-image-preview:large","max-video-preview":"max-video-preview:-1"},"canonical":"https:\/\/clublamardemalaga.com\/tienda\/producto\/jobe-vizela-9-4-tabla-paddle-surf\/","og_locale":"es_ES","og_type":"article","og_title":"Jobe Vizela 9.4 Tabla Paddle Surf Bamb\u00fa. \u00a1Una belleza!","og_description":"La Jobe Vizela 9.4 es una preciosa tabla de paddle surf rebosa calidad. Una tabla de SUP vers\u00e1til para hacer traves\u00edas y coger olas","og_url":"https:\/\/clublamardemalaga.com\/tienda\/producto\/jobe-vizela-9-4-tabla-paddle-surf\/","og_site_name":"Tienda de Sup &amp; Surf La Mar de M&aacute;laga","article_modified_time":"2021-07-26T12:18:37+00:00","og_image":[{"width":960,"height":1188,"url":"https:\/\/clublamardemalaga.com\/tienda\/wp-content\/uploads\/486521001-zoom-1.jpg","type":"image\/jpeg"}],"twitter_card":"summary_large_image","twitter_misc":{"Tiempo de lectura":"2 minutos"},"schema":{"@context":"https:\/\/schema.org","@graph":[{"@type":"WebPage","@id":"https:\/\/clublamardemalaga.com\/tienda\/producto\/jobe-vizela-9-4-tabla-paddle-surf\/","url":"https:\/\/clublamardemalaga.com\/tienda\/producto\/jobe-vizela-9-4-tabla-paddle-surf\/","name":"Jobe Vizela 9.4 Tabla Paddle Surf Bamb\u00fa. \u00a1Una belleza!","isPartOf":{"@id":"https:\/\/clublamardemalaga.com\/tienda\/#website"},"datePublished":"2021-05-31T09:36:24+00:00","dateModified":"2021-07-26T12:18:37+00:00","description":"La Jobe Vizela 9.4 es una preciosa tabla de paddle surf rebosa calidad. Una tabla de SUP vers\u00e1til para hacer traves\u00edas y coger olas","breadcrumb":{"@id":"https:\/\/clublamardemalaga.com\/tienda\/producto\/jobe-vizela-9-4-tabla-paddle-surf\/#breadcrumb"},"inLanguage":"es","potentialAction":[{"@type":"ReadAction","target":["https:\/\/clublamardemalaga.com\/tienda\/producto\/jobe-vizela-9-4-tabla-paddle-surf\/"]}]},{"@type":"BreadcrumbList","@id":"https:\/\/clublamardemalaga.com\/tienda\/producto\/jobe-vizela-9-4-tabla-paddle-surf\/#breadcrumb","itemListElement":[{"@type":"ListItem","position":1,"name":"Portada","item":"https:\/\/clublamardemalaga.com\/tienda\/"},{"@type":"ListItem","position":2,"name":"Sup &#038; Surf","item":"https:\/\/clublamardemalaga.com\/tienda\/sup-y-surf\/"},{"@type":"ListItem","position":3,"name":"Jobe Vizela 9.4 Tabla Paddle Surf"}]},{"@type":"WebSite","@id":"https:\/\/clublamardemalaga.com\/tienda\/#website","url":"https:\/\/clublamardemalaga.com\/tienda\/","name":"Tienda de Sup &amp; Surf La Mar de M&aacute;laga","description":"","publisher":{"@id":"https:\/\/clublamardemalaga.com\/tienda\/#organization"},"potentialAction":[{"@type":"SearchAction","target":{"@type":"EntryPoint","urlTemplate":"https:\/\/clublamardemalaga.com\/tienda\/?s={search_term_string}"},"query-input":"required name=search_term_string"}],"inLanguage":"es"},{"@type":"Organization","@id":"https:\/\/clublamardemalaga.com\/tienda\/#organization","name":"Tienda Sup & Surf La Mar de M\u00e1laga","url":"https:\/\/clublamardemalaga.com\/tienda\/","logo":{"@type":"ImageObject","inLanguage":"es","@id":"https:\/\/clublamardemalaga.com\/tienda\/#\/schema\/logo\/image\/","url":"https:\/\/clublamardemalaga.com\/tienda\/wp-content\/uploads\/logo-tienda-club-la-mar-de-malaga.png","contentUrl":"https:\/\/clublamardemalaga.com\/tienda\/wp-content\/uploads\/logo-tienda-club-la-mar-de-malaga.png","width":250,"height":60,"caption":"Tienda Sup & Surf La Mar de M\u00e1laga"},"image":{"@id":"https:\/\/clublamardemalaga.com\/tienda\/#\/schema\/logo\/image\/"}}]}},"_links":{"self":[{"href":"https:\/\/clublamardemalaga.com\/tienda\/wp-json\/wp\/v2\/product\/2136"}],"collection":[{"href":"https:\/\/clublamardemalaga.com\/tienda\/wp-json\/wp\/v2\/product"}],"about":[{"href":"https:\/\/clublamardemalaga.com\/tienda\/wp-json\/wp\/v2\/types\/product"}],"replies":[{"embeddable":true,"href":"https:\/\/clublamardemalaga.com\/tienda\/wp-json\/wp\/v2\/comments?post=2136"}],"wp:featuredmedia":[{"embeddable":true,"href":"https:\/\/clublamardemalaga.com\/tienda\/wp-json\/wp\/v2\/media\/2137"}],"wp:attachment":[{"href":"https:\/\/clublamardemalaga.com\/tienda\/wp-json\/wp\/v2\/media?parent=2136"}],"wp:term":[{"taxonomy":"product_cat","embeddable":true,"href":"https:\/\/clublamardemalaga.com\/tienda\/wp-json\/wp\/v2\/product_cat?post=2136"},{"taxonomy":"product_tag","embeddable":true,"href":"https:\/\/clublamardemalaga.com\/tienda\/wp-json\/wp\/v2\/product_tag?post=2136"}],"curies":[{"name":"wp","href":"https:\/\/api.w.org\/{rel}","templated":true}]}}