{"id":2090,"date":"2021-05-31T11:35:32","date_gmt":"2021-05-31T09:35:32","guid":{"rendered":"https:\/\/clublamardemalaga.com\/tienda\/producto\/jobe-venta-9-6-tabla-paddle-surf-hinchable-paquete\/"},"modified":"2022-01-21T12:45:00","modified_gmt":"2022-01-21T11:45:00","slug":"jobe-venta-9-6-tabla-paddle-surf-hinchable-paquete","status":"publish","type":"product","link":"https:\/\/clublamardemalaga.com\/tienda\/producto\/jobe-venta-9-6-tabla-paddle-surf-hinchable-paquete\/","title":{"rendered":"Jobe Venta 9.6 Tabla Paddle Surf Hinchable Paquete"},"content":{"rendered":"<p>&iexcl;La Jobe Venta 9.6 Tabla Paddle Surf Hinchable Paquete tiene una forma completamente nueva y es la Paddle Board modular perfecta para tus aventuras! Con un soporte para windsurf f&aacute;cil de instalar, esta paddle board hinchable puede llevarte a donde quieras y volver con un poco de ayuda de la madre naturaleza. Con solo 22 libras de inflado, la Paddle Board Aero Venta se puede transportar muy bien de aventura en aventura. La Aero Venta tambi&eacute;n cuenta con tecnolog&iacute;as innovadoras como X-Stitching Construction, tecnolog&iacute;a Heat Bonded (para calidad y seguridad) y &iexcl;un riel de tracci&oacute;n en la parte inferior de la Paddle Board para un mayor control de la tabla en la superficie del agua!<\/p>\n<ul>\n<li>3 a\u00f1os de garant\u00eda despu\u00e9s del registro<\/li>\n<li>Tecnolog\u00eda de uni\u00f3n al calor: calidad y seguridad de la capa de yegua<\/li>\n<li>Patr\u00f3n de espuma EVA antideslizante, permite un c\u00f3modo SUP a largo plazo<\/li>\n<li>X-dropstitching construcci\u00f3n ligera con costura<\/li>\n<li>Larguero en la parte superior e inferior para la mejor rigidez<\/li>\n<li>Rango de edad: 9 a\u00f1os en adelante<\/li>\n<li>Red de almacenamiento Bungee<\/li>\n<li>Riel de tracci\u00f3n en la parte inferior de la tabla para mayor control<\/li>\n<li>Anillo en D en la punta y la cola<\/li>\n<li>Insert del windusrf montado en la tabla<\/li>\n<li>F\u00e1cil de asa de transporte de neopreno<\/li>\n<li>Aleta USA de 8&#8243; y 2 aletas laterales moldeadas<\/li>\n<li>Asistencia de parche de v\u00e1lvula<\/li>\n<li>Nose rocker: 9&#8243;, Tail rocker: 0&#8243;<\/li>\n<li>Peso recomendado por el piloto: Hasta 140kg | 308 lbs<\/li>\n<li>Peso de la tabla: 10,8 kg | 23,8 kg<\/li>\n<li>Peso de paquete: 15,8kg | 34.8lbs<\/li>\n<li>Dimensiones: 9&#8217;6&#8243; x 33&#8243; x 6&#8243; | 2,90mx 83cm x 15cm<\/li>\n<li>Volumen: 279 l<\/li>\n<\/ul>\n","protected":false},"excerpt":{"rendered":"<p>&iexcl;La Jobe Venta 9.6 Tabla Paddle Surf Hinchable Paquete tiene una forma completamente nueva y es la Paddle Board modular perfecta para tus aventuras! Con un soporte para windsurf f&aacute;cil de instalar, esta paddle board hinchable puede llevarte a donde quieras y volver con un poco de ayuda de la madre naturaleza. Con solo 22 [&hellip;]<\/p>\n","protected":false},"featured_media":2091,"comment_status":"closed","ping_status":"closed","template":"","meta":{"site-sidebar-layout":"default","site-content-layout":"","ast-site-content-layout":"","site-content-style":"default","site-sidebar-style":"default","ast-global-header-display":"","ast-banner-title-visibility":"","ast-main-header-display":"","ast-hfb-above-header-display":"","ast-hfb-below-header-display":"","ast-hfb-mobile-header-display":"","site-post-title":"","ast-breadcrumbs-content":"","ast-featured-img":"","footer-sml-layout":"","theme-transparent-header-meta":"","adv-header-id-meta":"","stick-header-meta":"","header-above-stick-meta":"","header-main-stick-meta":"","header-below-stick-meta":"","astra-migrate-meta-layouts":"default","ast-page-background-enabled":"default","ast-page-background-meta":{"desktop":{"background-color":"","background-image":"","background-repeat":"repeat","background-position":"center center","background-size":"auto","background-attachment":"scroll","background-type":"","background-media":"","overlay-type":"","overlay-color":"","overlay-gradient":""},"tablet":{"background-color":"","background-image":"","background-repeat":"repeat","background-position":"center center","background-size":"auto","background-attachment":"scroll","background-type":"","background-media":"","overlay-type":"","overlay-color":"","overlay-gradient":""},"mobile":{"background-color":"","background-image":"","background-repeat":"repeat","background-position":"center center","background-size":"auto","background-attachment":"scroll","background-type":"","background-media":"","overlay-type":"","overlay-color":"","overlay-gradient":""}},"ast-content-background-meta":{"desktop":{"background-color":"var(--ast-global-color-5)","background-image":"","background-repeat":"repeat","background-position":"center center","background-size":"auto","background-attachment":"scroll","background-type":"","background-media":"","overlay-type":"","overlay-color":"","overlay-gradient":""},"tablet":{"background-color":"var(--ast-global-color-5)","background-image":"","background-repeat":"repeat","background-position":"center center","background-size":"auto","background-attachment":"scroll","background-type":"","background-media":"","overlay-type":"","overlay-color":"","overlay-gradient":""},"mobile":{"background-color":"var(--ast-global-color-5)","background-image":"","background-repeat":"repeat","background-position":"center center","background-size":"auto","background-attachment":"scroll","background-type":"","background-media":"","overlay-type":"","overlay-color":"","overlay-gradient":""}}},"product_cat":[17],"product_tag":[],"yoast_head":"<!-- This site is optimized with the Yoast SEO plugin v21.8 - https:\/\/yoast.com\/wordpress\/plugins\/seo\/ -->\n<title>Jobe Venta 9.6 Tabla Paddle Surf Hinchable Paquete<\/title>\n<meta name=\"robots\" content=\"index, follow, max-snippet:-1, max-image-preview:large, max-video-preview:-1\" \/>\n<link rel=\"canonical\" href=\"https:\/\/clublamardemalaga.com\/tienda\/producto\/jobe-venta-9-6-tabla-paddle-surf-hinchable-paquete\/\" \/>\n<meta property=\"og:locale\" content=\"es_ES\" \/>\n<meta property=\"og:type\" content=\"article\" \/>\n<meta property=\"og:title\" content=\"Jobe Venta 9.6 Tabla Paddle Surf Hinchable Paquete\" \/>\n<meta property=\"og:description\" content=\"&iexcl;La Jobe Venta 9.6 Tabla Paddle Surf Hinchable Paquete tiene una forma completamente nueva y es la Paddle Board modular perfecta para tus aventuras! Con un soporte para windsurf f&aacute;cil de instalar, esta paddle board hinchable puede llevarte a donde quieras y volver con un poco de ayuda de la madre naturaleza. Con solo 22 [&hellip;]\" \/>\n<meta property=\"og:url\" content=\"https:\/\/clublamardemalaga.com\/tienda\/producto\/jobe-venta-9-6-tabla-paddle-surf-hinchable-paquete\/\" \/>\n<meta property=\"og:site_name\" content=\"Tienda de Sup &amp; Surf La Mar de M&aacute;laga\" \/>\n<meta property=\"article:modified_time\" content=\"2022-01-21T11:45:00+00:00\" \/>\n<meta property=\"og:image\" content=\"https:\/\/clublamardemalaga.com\/tienda\/wp-content\/uploads\/486421001-zoom.jpg\" \/>\n\t<meta property=\"og:image:width\" content=\"960\" \/>\n\t<meta property=\"og:image:height\" content=\"1188\" \/>\n\t<meta property=\"og:image:type\" content=\"image\/jpeg\" \/>\n<meta name=\"twitter:card\" content=\"summary_large_image\" \/>\n<meta name=\"twitter:label1\" content=\"Tiempo de lectura\" \/>\n\t<meta name=\"twitter:data1\" content=\"1 minuto\" \/>\n<script type=\"application\/ld+json\" class=\"yoast-schema-graph\">{\"@context\":\"https:\/\/schema.org\",\"@graph\":[{\"@type\":\"WebPage\",\"@id\":\"https:\/\/clublamardemalaga.com\/tienda\/producto\/jobe-venta-9-6-tabla-paddle-surf-hinchable-paquete\/\",\"url\":\"https:\/\/clublamardemalaga.com\/tienda\/producto\/jobe-venta-9-6-tabla-paddle-surf-hinchable-paquete\/\",\"name\":\"Jobe Venta 9.6 Tabla Paddle Surf Hinchable Paquete\",\"isPartOf\":{\"@id\":\"https:\/\/clublamardemalaga.com\/tienda\/#website\"},\"datePublished\":\"2021-05-31T09:35:32+00:00\",\"dateModified\":\"2022-01-21T11:45:00+00:00\",\"breadcrumb\":{\"@id\":\"https:\/\/clublamardemalaga.com\/tienda\/producto\/jobe-venta-9-6-tabla-paddle-surf-hinchable-paquete\/#breadcrumb\"},\"inLanguage\":\"es\",\"potentialAction\":[{\"@type\":\"ReadAction\",\"target\":[\"https:\/\/clublamardemalaga.com\/tienda\/producto\/jobe-venta-9-6-tabla-paddle-surf-hinchable-paquete\/\"]}]},{\"@type\":\"BreadcrumbList\",\"@id\":\"https:\/\/clublamardemalaga.com\/tienda\/producto\/jobe-venta-9-6-tabla-paddle-surf-hinchable-paquete\/#breadcrumb\",\"itemListElement\":[{\"@type\":\"ListItem\",\"position\":1,\"name\":\"Portada\",\"item\":\"https:\/\/clublamardemalaga.com\/tienda\/\"},{\"@type\":\"ListItem\",\"position\":2,\"name\":\"Sup &#038; Surf\",\"item\":\"https:\/\/clublamardemalaga.com\/tienda\/sup-y-surf\/\"},{\"@type\":\"ListItem\",\"position\":3,\"name\":\"Jobe Venta 9.6 Tabla Paddle Surf Hinchable Paquete\"}]},{\"@type\":\"WebSite\",\"@id\":\"https:\/\/clublamardemalaga.com\/tienda\/#website\",\"url\":\"https:\/\/clublamardemalaga.com\/tienda\/\",\"name\":\"Tienda de Sup &amp; Surf La Mar de M&aacute;laga\",\"description\":\"\",\"publisher\":{\"@id\":\"https:\/\/clublamardemalaga.com\/tienda\/#organization\"},\"potentialAction\":[{\"@type\":\"SearchAction\",\"target\":{\"@type\":\"EntryPoint\",\"urlTemplate\":\"https:\/\/clublamardemalaga.com\/tienda\/?s={search_term_string}\"},\"query-input\":\"required name=search_term_string\"}],\"inLanguage\":\"es\"},{\"@type\":\"Organization\",\"@id\":\"https:\/\/clublamardemalaga.com\/tienda\/#organization\",\"name\":\"Tienda Sup & Surf La Mar de M\u00e1laga\",\"url\":\"https:\/\/clublamardemalaga.com\/tienda\/\",\"logo\":{\"@type\":\"ImageObject\",\"inLanguage\":\"es\",\"@id\":\"https:\/\/clublamardemalaga.com\/tienda\/#\/schema\/logo\/image\/\",\"url\":\"https:\/\/clublamardemalaga.com\/tienda\/wp-content\/uploads\/logo-tienda-club-la-mar-de-malaga.png\",\"contentUrl\":\"https:\/\/clublamardemalaga.com\/tienda\/wp-content\/uploads\/logo-tienda-club-la-mar-de-malaga.png\",\"width\":250,\"height\":60,\"caption\":\"Tienda Sup & Surf La Mar de M\u00e1laga\"},\"image\":{\"@id\":\"https:\/\/clublamardemalaga.com\/tienda\/#\/schema\/logo\/image\/\"}}]}<\/script>\n<!-- \/ Yoast SEO plugin. -->","yoast_head_json":{"title":"Jobe Venta 9.6 Tabla Paddle Surf Hinchable Paquete","robots":{"index":"index","follow":"follow","max-snippet":"max-snippet:-1","max-image-preview":"max-image-preview:large","max-video-preview":"max-video-preview:-1"},"canonical":"https:\/\/clublamardemalaga.com\/tienda\/producto\/jobe-venta-9-6-tabla-paddle-surf-hinchable-paquete\/","og_locale":"es_ES","og_type":"article","og_title":"Jobe Venta 9.6 Tabla Paddle Surf Hinchable Paquete","og_description":"&iexcl;La Jobe Venta 9.6 Tabla Paddle Surf Hinchable Paquete tiene una forma completamente nueva y es la Paddle Board modular perfecta para tus aventuras! Con un soporte para windsurf f&aacute;cil de instalar, esta paddle board hinchable puede llevarte a donde quieras y volver con un poco de ayuda de la madre naturaleza. Con solo 22 [&hellip;]","og_url":"https:\/\/clublamardemalaga.com\/tienda\/producto\/jobe-venta-9-6-tabla-paddle-surf-hinchable-paquete\/","og_site_name":"Tienda de Sup &amp; Surf La Mar de M&aacute;laga","article_modified_time":"2022-01-21T11:45:00+00:00","og_image":[{"width":960,"height":1188,"url":"https:\/\/clublamardemalaga.com\/tienda\/wp-content\/uploads\/486421001-zoom.jpg","type":"image\/jpeg"}],"twitter_card":"summary_large_image","twitter_misc":{"Tiempo de lectura":"1 minuto"},"schema":{"@context":"https:\/\/schema.org","@graph":[{"@type":"WebPage","@id":"https:\/\/clublamardemalaga.com\/tienda\/producto\/jobe-venta-9-6-tabla-paddle-surf-hinchable-paquete\/","url":"https:\/\/clublamardemalaga.com\/tienda\/producto\/jobe-venta-9-6-tabla-paddle-surf-hinchable-paquete\/","name":"Jobe Venta 9.6 Tabla Paddle Surf Hinchable Paquete","isPartOf":{"@id":"https:\/\/clublamardemalaga.com\/tienda\/#website"},"datePublished":"2021-05-31T09:35:32+00:00","dateModified":"2022-01-21T11:45:00+00:00","breadcrumb":{"@id":"https:\/\/clublamardemalaga.com\/tienda\/producto\/jobe-venta-9-6-tabla-paddle-surf-hinchable-paquete\/#breadcrumb"},"inLanguage":"es","potentialAction":[{"@type":"ReadAction","target":["https:\/\/clublamardemalaga.com\/tienda\/producto\/jobe-venta-9-6-tabla-paddle-surf-hinchable-paquete\/"]}]},{"@type":"BreadcrumbList","@id":"https:\/\/clublamardemalaga.com\/tienda\/producto\/jobe-venta-9-6-tabla-paddle-surf-hinchable-paquete\/#breadcrumb","itemListElement":[{"@type":"ListItem","position":1,"name":"Portada","item":"https:\/\/clublamardemalaga.com\/tienda\/"},{"@type":"ListItem","position":2,"name":"Sup &#038; Surf","item":"https:\/\/clublamardemalaga.com\/tienda\/sup-y-surf\/"},{"@type":"ListItem","position":3,"name":"Jobe Venta 9.6 Tabla Paddle Surf Hinchable Paquete"}]},{"@type":"WebSite","@id":"https:\/\/clublamardemalaga.com\/tienda\/#website","url":"https:\/\/clublamardemalaga.com\/tienda\/","name":"Tienda de Sup &amp; Surf La Mar de M&aacute;laga","description":"","publisher":{"@id":"https:\/\/clublamardemalaga.com\/tienda\/#organization"},"potentialAction":[{"@type":"SearchAction","target":{"@type":"EntryPoint","urlTemplate":"https:\/\/clublamardemalaga.com\/tienda\/?s={search_term_string}"},"query-input":"required name=search_term_string"}],"inLanguage":"es"},{"@type":"Organization","@id":"https:\/\/clublamardemalaga.com\/tienda\/#organization","name":"Tienda Sup & Surf La Mar de M\u00e1laga","url":"https:\/\/clublamardemalaga.com\/tienda\/","logo":{"@type":"ImageObject","inLanguage":"es","@id":"https:\/\/clublamardemalaga.com\/tienda\/#\/schema\/logo\/image\/","url":"https:\/\/clublamardemalaga.com\/tienda\/wp-content\/uploads\/logo-tienda-club-la-mar-de-malaga.png","contentUrl":"https:\/\/clublamardemalaga.com\/tienda\/wp-content\/uploads\/logo-tienda-club-la-mar-de-malaga.png","width":250,"height":60,"caption":"Tienda Sup & Surf La Mar de M\u00e1laga"},"image":{"@id":"https:\/\/clublamardemalaga.com\/tienda\/#\/schema\/logo\/image\/"}}]}},"_links":{"self":[{"href":"https:\/\/clublamardemalaga.com\/tienda\/wp-json\/wp\/v2\/product\/2090"}],"collection":[{"href":"https:\/\/clublamardemalaga.com\/tienda\/wp-json\/wp\/v2\/product"}],"about":[{"href":"https:\/\/clublamardemalaga.com\/tienda\/wp-json\/wp\/v2\/types\/product"}],"replies":[{"embeddable":true,"href":"https:\/\/clublamardemalaga.com\/tienda\/wp-json\/wp\/v2\/comments?post=2090"}],"wp:featuredmedia":[{"embeddable":true,"href":"https:\/\/clublamardemalaga.com\/tienda\/wp-json\/wp\/v2\/media\/2091"}],"wp:attachment":[{"href":"https:\/\/clublamardemalaga.com\/tienda\/wp-json\/wp\/v2\/media?parent=2090"}],"wp:term":[{"taxonomy":"product_cat","embeddable":true,"href":"https:\/\/clublamardemalaga.com\/tienda\/wp-json\/wp\/v2\/product_cat?post=2090"},{"taxonomy":"product_tag","embeddable":true,"href":"https:\/\/clublamardemalaga.com\/tienda\/wp-json\/wp\/v2\/product_tag?post=2090"}],"curies":[{"name":"wp","href":"https:\/\/api.w.org\/{rel}","templated":true}]}}