{"id":2053,"date":"2021-05-31T11:35:08","date_gmt":"2021-05-31T09:35:08","guid":{"rendered":"https:\/\/clublamardemalaga.com\/tienda\/producto\/brabus-x-jobe-shadow-lounge-limited-edition-funtube-3p-paquete\/"},"modified":"2021-10-15T13:46:32","modified_gmt":"2021-10-15T11:46:32","slug":"brabus-x-jobe-shadow-lounge-limited-edition-funtube-3p-paquete","status":"publish","type":"product","link":"https:\/\/clublamardemalaga.com\/tienda\/producto\/brabus-x-jobe-shadow-lounge-limited-edition-funtube-3p-paquete\/","title":{"rendered":"BRABUS x Jobe Shadow Lounge Limited Edition funtube 3p paquete"},"content":{"rendered":"<p>This product is an exciting collaboration between BRABUS and Jobe and has limited availability. The shadow lounger can hold up to three persons and is the perfect addition for all sun seeking families &amp; friends. Our thrill-seekers can go for a fun filled ride on their belly, or relax and sit back. Just deflate and inflate the lounger&#8217;s soft back support and transform it from a chill sofa into a deck-tube. After all the tubing action, friends and family can hold on to tradition and hit to the coastline for a beloved siesta. PS: the package also includes a 12v pump, rope and a towable bag.<\/p>\n<ul>\n<li>3 a\u00f1os de garant\u00eda despu\u00e9s del registro<\/li>\n<li>4 portavasos<\/li>\n<li>Almohadillas de neopreno para cubierta<\/li>\n<li>12 mangos con protectores de nudillos de neopreno<\/li>\n<li>Doble costura de nylon<\/li>\n<li>Techo solar plegable<\/li>\n<li>Respaldo inflable<\/li>\n<li>Remolcable m\u00e1ximo 3 personas<\/li>\n<li>Multi posici\u00f3n remolcable<\/li>\n<li>Multifuncional remolcable<\/li>\n<li>V\u00e1lvula de una sola v\u00eda Boston<\/li>\n<li>Funda de nylon 840 Denier<\/li>\n<li>28 Gauge PVC<\/li>\n<li>Dimensiones inflado: 98,4 x 106,3 x 29,5&#8243; |  250 x 270 x 75cm<\/li>\n<li>Dimensiones desinflado: : 110&#8243; x 98,5&#8243; | 285 x 250cm<\/li>\n<\/ul>\n","protected":false},"excerpt":{"rendered":"<p>This product is an exciting collaboration between BRABUS and Jobe and has limited availability. The shadow lounger can hold up to three persons and is the perfect addition for all sun seeking families &amp; friends. Our thrill-seekers can go for a fun filled ride on their belly, or relax and sit back. Just deflate and [&hellip;]<\/p>\n","protected":false},"featured_media":2054,"comment_status":"closed","ping_status":"open","template":"","meta":{"site-sidebar-layout":"default","site-content-layout":"","ast-site-content-layout":"","site-content-style":"default","site-sidebar-style":"default","ast-global-header-display":"","ast-banner-title-visibility":"","ast-main-header-display":"","ast-hfb-above-header-display":"","ast-hfb-below-header-display":"","ast-hfb-mobile-header-display":"","site-post-title":"","ast-breadcrumbs-content":"","ast-featured-img":"","footer-sml-layout":"","theme-transparent-header-meta":"","adv-header-id-meta":"","stick-header-meta":"","header-above-stick-meta":"","header-main-stick-meta":"","header-below-stick-meta":"","astra-migrate-meta-layouts":"default","ast-page-background-enabled":"default","ast-page-background-meta":{"desktop":{"background-color":"","background-image":"","background-repeat":"repeat","background-position":"center center","background-size":"auto","background-attachment":"scroll","background-type":"","background-media":"","overlay-type":"","overlay-color":"","overlay-gradient":""},"tablet":{"background-color":"","background-image":"","background-repeat":"repeat","background-position":"center center","background-size":"auto","background-attachment":"scroll","background-type":"","background-media":"","overlay-type":"","overlay-color":"","overlay-gradient":""},"mobile":{"background-color":"","background-image":"","background-repeat":"repeat","background-position":"center center","background-size":"auto","background-attachment":"scroll","background-type":"","background-media":"","overlay-type":"","overlay-color":"","overlay-gradient":""}},"ast-content-background-meta":{"desktop":{"background-color":"var(--ast-global-color-5)","background-image":"","background-repeat":"repeat","background-position":"center center","background-size":"auto","background-attachment":"scroll","background-type":"","background-media":"","overlay-type":"","overlay-color":"","overlay-gradient":""},"tablet":{"background-color":"var(--ast-global-color-5)","background-image":"","background-repeat":"repeat","background-position":"center center","background-size":"auto","background-attachment":"scroll","background-type":"","background-media":"","overlay-type":"","overlay-color":"","overlay-gradient":""},"mobile":{"background-color":"var(--ast-global-color-5)","background-image":"","background-repeat":"repeat","background-position":"center center","background-size":"auto","background-attachment":"scroll","background-type":"","background-media":"","overlay-type":"","overlay-color":"","overlay-gradient":""}}},"product_cat":[102],"product_tag":[],"yoast_head":"<!-- This site is optimized with the Yoast SEO plugin v21.8 - https:\/\/yoast.com\/wordpress\/plugins\/seo\/ -->\n<title>BRABUS x Jobe Shadow Lounge Limited Edition funtube 3p paquete<\/title>\n<meta name=\"robots\" content=\"index, follow, max-snippet:-1, max-image-preview:large, max-video-preview:-1\" \/>\n<link rel=\"canonical\" href=\"https:\/\/clublamardemalaga.com\/tienda\/producto\/brabus-x-jobe-shadow-lounge-limited-edition-funtube-3p-paquete\/\" \/>\n<meta property=\"og:locale\" content=\"es_ES\" \/>\n<meta property=\"og:type\" content=\"article\" \/>\n<meta property=\"og:title\" content=\"BRABUS x Jobe Shadow Lounge Limited Edition funtube 3p paquete\" \/>\n<meta property=\"og:description\" content=\"This product is an exciting collaboration between BRABUS and Jobe and has limited availability. The shadow lounger can hold up to three persons and is the perfect addition for all sun seeking families &amp; friends. Our thrill-seekers can go for a fun filled ride on their belly, or relax and sit back. Just deflate and [&hellip;]\" \/>\n<meta property=\"og:url\" content=\"https:\/\/clublamardemalaga.com\/tienda\/producto\/brabus-x-jobe-shadow-lounge-limited-edition-funtube-3p-paquete\/\" \/>\n<meta property=\"og:site_name\" content=\"Tienda de Sup &amp; Surf La Mar de M&aacute;laga\" \/>\n<meta property=\"article:modified_time\" content=\"2021-10-15T11:46:32+00:00\" \/>\n<meta property=\"og:image\" content=\"https:\/\/clublamardemalaga.com\/tienda\/wp-content\/uploads\/618820006-zoom.jpg\" \/>\n\t<meta property=\"og:image:width\" content=\"960\" \/>\n\t<meta property=\"og:image:height\" content=\"1200\" \/>\n\t<meta property=\"og:image:type\" content=\"image\/jpeg\" \/>\n<meta name=\"twitter:card\" content=\"summary_large_image\" \/>\n<meta name=\"twitter:label1\" content=\"Tiempo de lectura\" \/>\n\t<meta name=\"twitter:data1\" content=\"1 minuto\" \/>\n<script type=\"application\/ld+json\" class=\"yoast-schema-graph\">{\"@context\":\"https:\/\/schema.org\",\"@graph\":[{\"@type\":\"WebPage\",\"@id\":\"https:\/\/clublamardemalaga.com\/tienda\/producto\/brabus-x-jobe-shadow-lounge-limited-edition-funtube-3p-paquete\/\",\"url\":\"https:\/\/clublamardemalaga.com\/tienda\/producto\/brabus-x-jobe-shadow-lounge-limited-edition-funtube-3p-paquete\/\",\"name\":\"BRABUS x Jobe Shadow Lounge Limited Edition funtube 3p paquete\",\"isPartOf\":{\"@id\":\"https:\/\/clublamardemalaga.com\/tienda\/#website\"},\"datePublished\":\"2021-05-31T09:35:08+00:00\",\"dateModified\":\"2021-10-15T11:46:32+00:00\",\"breadcrumb\":{\"@id\":\"https:\/\/clublamardemalaga.com\/tienda\/producto\/brabus-x-jobe-shadow-lounge-limited-edition-funtube-3p-paquete\/#breadcrumb\"},\"inLanguage\":\"es\",\"potentialAction\":[{\"@type\":\"ReadAction\",\"target\":[\"https:\/\/clublamardemalaga.com\/tienda\/producto\/brabus-x-jobe-shadow-lounge-limited-edition-funtube-3p-paquete\/\"]}]},{\"@type\":\"BreadcrumbList\",\"@id\":\"https:\/\/clublamardemalaga.com\/tienda\/producto\/brabus-x-jobe-shadow-lounge-limited-edition-funtube-3p-paquete\/#breadcrumb\",\"itemListElement\":[{\"@type\":\"ListItem\",\"position\":1,\"name\":\"Portada\",\"item\":\"https:\/\/clublamardemalaga.com\/tienda\/\"},{\"@type\":\"ListItem\",\"position\":2,\"name\":\"Sup &#038; Surf\",\"item\":\"https:\/\/clublamardemalaga.com\/tienda\/sup-y-surf\/\"},{\"@type\":\"ListItem\",\"position\":3,\"name\":\"BRABUS x Jobe Shadow Lounge Limited Edition funtube 3p paquete\"}]},{\"@type\":\"WebSite\",\"@id\":\"https:\/\/clublamardemalaga.com\/tienda\/#website\",\"url\":\"https:\/\/clublamardemalaga.com\/tienda\/\",\"name\":\"Tienda de Sup &amp; Surf La Mar de M&aacute;laga\",\"description\":\"\",\"publisher\":{\"@id\":\"https:\/\/clublamardemalaga.com\/tienda\/#organization\"},\"potentialAction\":[{\"@type\":\"SearchAction\",\"target\":{\"@type\":\"EntryPoint\",\"urlTemplate\":\"https:\/\/clublamardemalaga.com\/tienda\/?s={search_term_string}\"},\"query-input\":\"required name=search_term_string\"}],\"inLanguage\":\"es\"},{\"@type\":\"Organization\",\"@id\":\"https:\/\/clublamardemalaga.com\/tienda\/#organization\",\"name\":\"Tienda Sup & Surf La Mar de M\u00e1laga\",\"url\":\"https:\/\/clublamardemalaga.com\/tienda\/\",\"logo\":{\"@type\":\"ImageObject\",\"inLanguage\":\"es\",\"@id\":\"https:\/\/clublamardemalaga.com\/tienda\/#\/schema\/logo\/image\/\",\"url\":\"https:\/\/clublamardemalaga.com\/tienda\/wp-content\/uploads\/logo-tienda-club-la-mar-de-malaga.png\",\"contentUrl\":\"https:\/\/clublamardemalaga.com\/tienda\/wp-content\/uploads\/logo-tienda-club-la-mar-de-malaga.png\",\"width\":250,\"height\":60,\"caption\":\"Tienda Sup & Surf La Mar de M\u00e1laga\"},\"image\":{\"@id\":\"https:\/\/clublamardemalaga.com\/tienda\/#\/schema\/logo\/image\/\"}}]}<\/script>\n<!-- \/ Yoast SEO plugin. -->","yoast_head_json":{"title":"BRABUS x Jobe Shadow Lounge Limited Edition funtube 3p paquete","robots":{"index":"index","follow":"follow","max-snippet":"max-snippet:-1","max-image-preview":"max-image-preview:large","max-video-preview":"max-video-preview:-1"},"canonical":"https:\/\/clublamardemalaga.com\/tienda\/producto\/brabus-x-jobe-shadow-lounge-limited-edition-funtube-3p-paquete\/","og_locale":"es_ES","og_type":"article","og_title":"BRABUS x Jobe Shadow Lounge Limited Edition funtube 3p paquete","og_description":"This product is an exciting collaboration between BRABUS and Jobe and has limited availability. The shadow lounger can hold up to three persons and is the perfect addition for all sun seeking families &amp; friends. Our thrill-seekers can go for a fun filled ride on their belly, or relax and sit back. Just deflate and [&hellip;]","og_url":"https:\/\/clublamardemalaga.com\/tienda\/producto\/brabus-x-jobe-shadow-lounge-limited-edition-funtube-3p-paquete\/","og_site_name":"Tienda de Sup &amp; Surf La Mar de M&aacute;laga","article_modified_time":"2021-10-15T11:46:32+00:00","og_image":[{"width":960,"height":1200,"url":"https:\/\/clublamardemalaga.com\/tienda\/wp-content\/uploads\/618820006-zoom.jpg","type":"image\/jpeg"}],"twitter_card":"summary_large_image","twitter_misc":{"Tiempo de lectura":"1 minuto"},"schema":{"@context":"https:\/\/schema.org","@graph":[{"@type":"WebPage","@id":"https:\/\/clublamardemalaga.com\/tienda\/producto\/brabus-x-jobe-shadow-lounge-limited-edition-funtube-3p-paquete\/","url":"https:\/\/clublamardemalaga.com\/tienda\/producto\/brabus-x-jobe-shadow-lounge-limited-edition-funtube-3p-paquete\/","name":"BRABUS x Jobe Shadow Lounge Limited Edition funtube 3p paquete","isPartOf":{"@id":"https:\/\/clublamardemalaga.com\/tienda\/#website"},"datePublished":"2021-05-31T09:35:08+00:00","dateModified":"2021-10-15T11:46:32+00:00","breadcrumb":{"@id":"https:\/\/clublamardemalaga.com\/tienda\/producto\/brabus-x-jobe-shadow-lounge-limited-edition-funtube-3p-paquete\/#breadcrumb"},"inLanguage":"es","potentialAction":[{"@type":"ReadAction","target":["https:\/\/clublamardemalaga.com\/tienda\/producto\/brabus-x-jobe-shadow-lounge-limited-edition-funtube-3p-paquete\/"]}]},{"@type":"BreadcrumbList","@id":"https:\/\/clublamardemalaga.com\/tienda\/producto\/brabus-x-jobe-shadow-lounge-limited-edition-funtube-3p-paquete\/#breadcrumb","itemListElement":[{"@type":"ListItem","position":1,"name":"Portada","item":"https:\/\/clublamardemalaga.com\/tienda\/"},{"@type":"ListItem","position":2,"name":"Sup &#038; Surf","item":"https:\/\/clublamardemalaga.com\/tienda\/sup-y-surf\/"},{"@type":"ListItem","position":3,"name":"BRABUS x Jobe Shadow Lounge Limited Edition funtube 3p paquete"}]},{"@type":"WebSite","@id":"https:\/\/clublamardemalaga.com\/tienda\/#website","url":"https:\/\/clublamardemalaga.com\/tienda\/","name":"Tienda de Sup &amp; Surf La Mar de M&aacute;laga","description":"","publisher":{"@id":"https:\/\/clublamardemalaga.com\/tienda\/#organization"},"potentialAction":[{"@type":"SearchAction","target":{"@type":"EntryPoint","urlTemplate":"https:\/\/clublamardemalaga.com\/tienda\/?s={search_term_string}"},"query-input":"required name=search_term_string"}],"inLanguage":"es"},{"@type":"Organization","@id":"https:\/\/clublamardemalaga.com\/tienda\/#organization","name":"Tienda Sup & Surf La Mar de M\u00e1laga","url":"https:\/\/clublamardemalaga.com\/tienda\/","logo":{"@type":"ImageObject","inLanguage":"es","@id":"https:\/\/clublamardemalaga.com\/tienda\/#\/schema\/logo\/image\/","url":"https:\/\/clublamardemalaga.com\/tienda\/wp-content\/uploads\/logo-tienda-club-la-mar-de-malaga.png","contentUrl":"https:\/\/clublamardemalaga.com\/tienda\/wp-content\/uploads\/logo-tienda-club-la-mar-de-malaga.png","width":250,"height":60,"caption":"Tienda Sup & Surf La Mar de M\u00e1laga"},"image":{"@id":"https:\/\/clublamardemalaga.com\/tienda\/#\/schema\/logo\/image\/"}}]}},"_links":{"self":[{"href":"https:\/\/clublamardemalaga.com\/tienda\/wp-json\/wp\/v2\/product\/2053"}],"collection":[{"href":"https:\/\/clublamardemalaga.com\/tienda\/wp-json\/wp\/v2\/product"}],"about":[{"href":"https:\/\/clublamardemalaga.com\/tienda\/wp-json\/wp\/v2\/types\/product"}],"replies":[{"embeddable":true,"href":"https:\/\/clublamardemalaga.com\/tienda\/wp-json\/wp\/v2\/comments?post=2053"}],"wp:featuredmedia":[{"embeddable":true,"href":"https:\/\/clublamardemalaga.com\/tienda\/wp-json\/wp\/v2\/media\/2054"}],"wp:attachment":[{"href":"https:\/\/clublamardemalaga.com\/tienda\/wp-json\/wp\/v2\/media?parent=2053"}],"wp:term":[{"taxonomy":"product_cat","embeddable":true,"href":"https:\/\/clublamardemalaga.com\/tienda\/wp-json\/wp\/v2\/product_cat?post=2053"},{"taxonomy":"product_tag","embeddable":true,"href":"https:\/\/clublamardemalaga.com\/tienda\/wp-json\/wp\/v2\/product_tag?post=2053"}],"curies":[{"name":"wp","href":"https:\/\/api.w.org\/{rel}","templated":true}]}}